11 + -6.
-17
What is -12 - (13 + -1) - -42?
18
Calculate -243 + 209 + (4 - -1).
-29
What is the value of 16 + -3 + (12 + -21 - -16 - 12)?
8
(-14 - -5) + (-5 - 4)
-18
What is the value of (-17 - (-11 - -25)) + 11 + -2?
-22
Evaluate -8 - (2 - (-19 + (-4 - -12) + -8)).
-29
What is 2366 - 2368 - (4 + 0 + -1 + 1)?
-6
Calculate (-11 + 6 - -41) + -25.
11
Calculate -22 - (-24 - (-7 - 18)).
-23
What is (-31 + 63 - 0) + -54?
-22
11 - -3 - 13 - 13
-12
What is 17 + (0 - (-4 - 7) - (15 + -11))?
24
Calculate -13 + (-5 - -33) - (11 - -3).
1
What is -1283 + 1269 + 0 + 1 + 7?
-6
What is -7 + 20 - (-6 - -17)?
2
What is the value of (5 - (11 + 1)) + (5 - -1 - -11)?
10
Calculate 2 + 0 - (-55 + (-42 - -92)).
7
Evaluate 2 - (0 + -2 - (-13 - (-21 + 8))).
4
What is -2 + (37 - (16 - -17))?
2
What is the value of (-3 - -3) + 2 + 2 - (6 - -7)?
-9
What is the value of -23 - -4 - ((-4 - -4) + -7)?
-12
What is the value of (-1 + 1 - (5 - -2 - 8)) + 16?
17
Calculate -16 + (18 - 11) + (4 - (3 - 2)).
-6
What is (4 + -3 - 1) + (14 - 28 - -19)?
5
What is the value of -18 - (-16 + 17 + -1)?
-18
Calculate -28 - -2 - ((0 - 45) + 58).
-39
(6 + -4 - -3) + 10 + (-4 - 28)
-17
What is 15 + -37 + 31 + 0 + -17?
-8
Calculate -16 + 14 - (-2 - (7 + -3 - 6)).
-2
-27 + (6 - 17 - -26)
-12
What is (10 - (7 + -1 - 6)) + (0 - 2)?
8
What is the value of 3 - 0 - 1 - ((-6 - -14) + 7)?
-13
What is the value of -14 + 24 + -38 - -5?
-23
Evaluate 15 + 2 + 0 + -8.
9
Calculate -14 + 43 + -37 - (1 - -6).
-15
Evaluate (4 - -1) + (61 + -19 - 32).
15
What is -1 + 14 - 31 - -7?
-11
Calculate (-1 + -26 - -5 - -6 - -1) + -3.
-18
Calculate 6 + 8 + (-8 - -6) + -27 + 36.
21
Evaluate (4 + -16 + (5 - -2) - 3) + 1.
-7
What is the value of 10 + (34 - 54) + -6?
-16
What is the value of 18 + (-8 - 32) + 11?
-11
What is (61 - 55 - (0 - -10)) + (9 - -2)?
7
Calculate -8 + 34 + -17 - (0 + 16 + -1).
-6
Evaluate (-2 - (-2 + -19)) + (-34 - 2).
-17
Calculate (2 - 4 - 4) + -17 + 8 + 0.
-15
(53 + -35 - (5 - -3)) + -36
-26
(4 - (0 - 10)) + (7 - (13 + 0))
8
What is 7 + -23 + (2 - -20) - (-5 + 15)?
-4
What is (-4 + -1 - (27 - 38)) + -10?
-4
Calculate (-1 - 4) + (-268 - -268).
-5
Calculate 5 + -1 - (-27 + (-10 - -19) + -5).
27
Calculate (1 - -6) + (-107 - -99).
-1
Calculate 67 - 101 - (0 - 9).
-25
Calculate 64 + -5 + -14 - 21.
24
Calculate 1 - -11 - (28 - 17).
1
Calculate 13 + (9 - 5) - (51 - 48).
14
48 + -49 - (5 + 9 - (-2 + 4))
-13
What is the value of 4 - (-27 - (-29 + 22))?
24
What is -2 - -4 - -20 - ((-22 - 8) + 38)?
14
Calculate 9 - (-6 + 2) - (-38 - -43).
8
(-29 - -43) + 4 + -10
8
What is the value of -7 - ((2 - -3) + -21 + 20)?
-11
10 - ((0 + 1 - -14) + -7)
2
10 - -1 - (-19 + 35)
-5
-15 + -7 + (8 - (-1 - 3))
-10
What is (-29 - -3) + -3 - (109 - 120)?
-18
What is the value of 8 + (10 - (2 - (-2 + 0 - 25)))?
-11
What is the value of (13 - 40) + 24 - (1 - 1)?
-3
Evaluate 586 + -590 - (0 - -12).
-16
-14 - (-13 - (-23 + 31))
7
What is the value of 8 + 11 + (-10 - (8 + -1 + -16))?
18
Calculate (11 - (24 + -8)) + (-5 + 3 - 0).
-7
Calculate (144 - 124) + -3 + -2.
15
Evaluate -23 - (-36 - -38 - 6).
-19
What is the value of (1 - -3 - -19) + (-22 - -8 - -13)?
22
What is the value of 7 + -11 + (6 - -3) + -12?
-7
5 + (-16 - (10 + -35)) - -13
27
What is the value of 6 - (-21 - (-7 + -11))?
9
64 - 45 - (-14 + 6)
27
Calculate 4 + (1 - 1) + 115 + -99.
20
Evaluate 7 + (1 - (-6 - 3) - 18).
-1
What is the value of -28 - 12 - (0 + -19)?
-21
Calculate (3 - 13) + (42 - 39).
-7
-9 + 36 + 0 + -8 + 1
20
8 + (-5 - 0) - (-8 - (-4 - 0))
7
Evaluate 6 - (-7 - -21 - (5 + -4 + -2)).
-9
Evaluate (19 - (0 + (6 - 3))) + 0.
16
Calculate -2 - (-22 - (-1 + -9)).
10
What is the value of 11 - (-3 + 3) - (1 + 2)?
8
What is (11 - 0) + -33 - (8 + -5)?
-25
What is (0 - 7) + (0 - (-7 - -12) - 1)?
-13
(-17 - -2) + (330 - 331)
-16
Calculate 15 + -23 + 3 + -5 - -13.
3
(-14 - 3) + 9 + 4 + 5
1
Calculate 4 + (-3 + -13 - 1) + (1 - -5).
-7
What is the value of (-36 + 41 - 18) + 22?
9
Evaluate -7 + (-13 - (1 - 13)).
-8
What is 19 + (-22 + 6 - -5) + 9?
17
8 + -8 + (1 - -5) - 18
-12
What is the value of (1 + -4 - (-7 + 12 + 0)) + 3?
-5
What is -11 + 17 - ((4 - 10) + 8 + 41)?
-37
-57 - -93 - (21 + -6)
21
What is (-21 - -38) + 4 - (14 + -3)?
10
-7 - (-13 - (3 - 9) - -2)
-2
What is the value of -25 - (-10 + (1 - 27))?
11
Evaluate 12 + (-1 - -4) - ((11 - 5) + -3).
12
Calculate -11 + (17 - ((-9 + 9 - 6) + 5)).
7
Evaluate 22 + 4 + -21 + 10 + 3.
18
-36 + 21 + 79 - 33
31
What is 4 - -1 - (8 + (3 - -7 - 11))?
-2
Evaluate (-2 + -1 - -1) + 14 - (-20 - -27).
5
What is 7 + (-1 - -2) - (-291 - -299)?
0
-6 + (36 - 18 - 18)
-6
What is the value of 10 + -1 + (-27 - (31 + -57))?
8
Evaluate -2 - -12 - (294 - 268).
-16
Calculate -2 + 2 + 1 + -8 + 6.
-1
9 + (31 + -44 - (-1 - -1))
-4
-4 + 12 + -22 + 2
-12
What is -28 + -8 + 23 + 15?
2
Evaluate 1 + 0 + 1 + (-33 - -7 - -4).
-20
Calculate -1 + 0 + 5 - 2 - (-80 - -85).
-3
What is 21 + (-40 - -29) - (26 - (1 - 0))?
-15
What is the value of 0 - (-1 - -1 - 4 - (-65 - -63))?
2
What is 1 + 14 - 14 - -9?
10
Calculate -661 + 664 + (1 + 1 - (-3 + 2)).
6
What is -16 + 0 + 5 + (-4 - -4)?
-11
What is 2 + 8 - (-94 - -109)?
-5
What is the value of 27 - (-14 + 26) - (-5 + 29)?
-9
Calculate 2 + -2 - -8 - (10 + 6 - -2).
-10
What is -28 - -16 - -19 - 2?
5
What is the value of 16 + 0 - (-614 - -633)?
-3
Calculate -62 - (31 + -65) - -20.
-8
Evaluate (261 - 275) + (-1 - -28).
13
Evaluate 34 + 11 + (25 - 66).
4
1 + 1 + (-1 - (5 - (-3 + 1)))
-6
Calculate (-13 - (14 + -5 - 13)) + -1 + 13.
3
Calculate (-6 + (5 - 8) - 8) + 6.
-11
What is -6 + -35 - (-52 - -10)?
1
Evaluate 10 + -8 + 0 - (2 + -2) - 16.
-14
1 + 0 + -11 + (102 - 91)
1
What is the value of 28 - 36 - (-14 - 0) - 4 - 16?
-14
Calculate 4 - (-15 + 33 + -5).
-9
What is (-1 - -5) + 18 + -16 + (-2 - -3)?
7
What is the value of -11 + (-9 - -8 - 0) - (3 + 1)?
-16
Evaluate -18 + 0 + -2 + -39 + 45.
-14
Calculate 17 + (-10 - -1) - 2.
6
(8 - (-1 + 2)) + (-70 - -61) + -15
-17
Evaluate (-40 + 23 - (-3 - 0)) + (-24 - -28).
-10
4 - (16 - 20) - 2
6
What is 13 + (-5 + 3 - -1 - (-2 - -2))?
12
What is 29 + -16 + -19 - -4?
-2
2 + (12 - (-6 + 8)) + -6
6
28 - 51 - (-12 + -1)
-10
What is -8 + (2 - -5) + 3 - 5 - -6?
3
What is 9 + 7 + 1 + -18 + -1 + -18?
-20
Evaluate (-5 - 1 - -1) + (-5 - -2 - 0).
-8
What is the value of -9 - (-11 - -19) - (-8 - 1)?
-8
Evaluate (-1 + 18 - 13) + -2 + 10 + -3.
9
Evaluate -37 - ((-42 - -15) + 14).
-24
Calculate -13 + 4 + -62 + 68.
-3
What is -40 - (-28 + 21) - -19?
-14
Evaluate -10 + (14 - -4 - -11) + 3.
22
What is 12 - (3 + 8 - (-3 + -7 + -4))?
-13
What is (-14 - (2 - 0)) + 11 + 3?
-2
What is 7 - (-5 + 5 - -12)?
-5
Evaluate (22 - 0 - 2 - 3) + -6 + -1.
10
What is the value of -5 - 1 - (-15 + (2 - -4) + 5)?
-2
What is the value of 22 - (18 + 13 - 19)?
10
Evaluate (7 - 19 - (2 - 3)) + -2 + 0.
-13
Evaluate -2 + 0 - (-78 - -86).
-10
(52 + -24 - 24) + 26
30
What is -12 + 17 - 0 - -8?
13
What is the value of -10 + (-8 - (-14 + 8)) + -8?
-20
Calculate -22 + -4 + 8 - -4 - -10.
-4
Calculate 13 - (-8 + 17 + 0).
4
(9 - 5 - -4 - 5) + (2 - 9)
-4
Calculate 25 - 0 - (1064 + -1051).
12
What is the value of 7 + (-5 - (2 + -3) - -3 - 1)?
5
What is the value of (-8 - 12) + 29 + 0?
9
81 + 1 - (-2462 + 2507)
37
What is -19 - 0 - (-13 + (21 - 12))?
-15
Calculate (-2 - ((9 - (8 + 3)) + -1)) + 2.
3
Calculate (192 + -198 - (-1 + 10)) + -1 + 6.
-10
Evaluate 4 + 0 + 0 + (0 - (5 - 11)).
10
What is (-11 - -5) + (40 - 29) - (-1 + 17)?
-11
What is -17 + (9 - (9 - (33 - 12)))?
4
(-22 - -30) + (1 - (-13 - 4))
26
What is (-34 - (16 - 13)) + 14?
-23
What is (-8 - (2 - (1 - 14))) + 7?
-16
Evaluate -18 - (14 - 25) - 1.
-8
What is 0 + (6 - 5) + 8 + -9?
0
What is the value of 40 + (-10 - 5) + -11?
14
What is the value of 70 + -53 + 1 + -9?
9
Evaluate -75 + 70 + 1 + -3 + (0 - -4).
-3
Evaluate -11 - (-4 - (3 - ((-34 - -10) + 1))).
19
What is -30 + 47 + -17 + -8?
-8
Evaluate 7 + -5 + 8 + (-10 - -4).
4
What is 38 + -37 + (-4 - -38)?
35
Evaluate 23 + 6 + (-6 + (-5 - -19) - 17).
20
Evaluate 10 + -2 + 1 + (-21 - -9) + 14.
11
5 + -23 + 8 - (1 + -17) - 35
-29
What is the value of 1 + -23 + 14 + 0 + 0 + -10?
-18
What is -4 + (18 - 15) + (4 - -16)?
19
What is (13 - 6) + -7 + (-3 - -2)?
-1
(14 - 1) + (-20 - 9 - 1)
-17
Evaluate -2108 + 2093 + (-2 + 2 - -9).
-6
-7